 + 0). Suppose -j + o = 5*f - 3*f, -3*j = -3*f + 99. What are the prime factors of f?
2, 19
Suppose 2*w - 11798 - 46990 = -2*c, 29346 = c - 5*w. List the prime factors of c.
2, 7, 2099
Let d be (1330 - 0) + (-1 - (-9)/9). Let m = -326 + d. What are the prime factors of m?
2, 251
Let b(a) be the third derivative of -209*a**4/8 - 20*a**3/3 + a**2 - 6. List the prime factors of b(-2).
2, 607
Suppose -3712 = 13*r - 15*r. Suppose -20*y = -24*y + r. Let f = 686 - y. What are the prime factors of f?
2, 3, 37
Let z be (-2 + 2 - 325)*(43 - 50). What are the prime factors of z/20 - (-6)/(-8)?
113
Let f = -19 + -23. Let o be 5/7 - 12/f. What are the prime factors of ((-57)/(-6))/((o/6)/1)?
3, 19
Let b be (-72)/30*70/(-3). Let w be (4/4)/((-3)/117). Let i = w + b. What are the prime factors of i?
17
Let k be (-4 - (-5 - 5))/2. Suppose 3*l - 206 = 5*i - 2996, -2*i = k*l - 1095. What are the prime factors of i?
3, 5, 37
Let v = 138279 - 66342. List the prime factors of v.
3, 7993
Let f = -150 - -138. Let y(g) = g**3 + 17*g**2 + 15*g - 32. List the prime factors of y(f).
2, 127
Let f(a) = -a**3 - 3*a**2 + 15*a + 15. Let o be f(8). Let x = o - -1027. What are the prime factors of x?
2, 229
Let m(g) = g**3 - 7*g**2 - 2*g + 64. Let h be m(5). Suppose h*d = 3*u - d - 5390, 2*d = 4. List the prime factors of u.
2, 3, 5
Let l = 192 + 2546. List the prime factors of l.
2, 37
Let q be 2*-1*-1*(-4 - 0). Let z(g) = -2*g - 29. Let d be z(q). Let y = 18 - d. List the prime factors of y.
31
Let d(h) = 4*h**3 - 2*h**2 + 27*h - 28. Let b(g) = -4*g**3 - g**2 - 4*g - 1. Let q be b(-1). What are the prime factors of d(q)?
2, 463
Suppose -4*f + 8 = -72. Let i(s) = 20*s - 42. Let p be i(f). Let w = -185 + p. What are the prime factors of w?
173
Suppose 96 = a - 4*w, -5*a + 3*w + 2*w + 555 = 0. Let f(h) = 2*h**3 - 68*h**2 + 68*h - 62. Let q be f(33). Let r = a - q. What are the prime factors of r?
2, 7
Suppose 10*s = 11*s - 12. Let j be s + (52/91)/(4/14). Suppose -75 + 1013 = j*b. What are the prime factors of b?
67
Suppose 23 = 4*k - 1. Suppose 19*y = 17*y + k. Suppose m - 2*u - 41 = 0, 3*m - 63 - 72 = y*u. What are the prime factors of m?
7
Suppose -33*s + 82*s + 233704 = 2975744. What are the prime factors of s?
2, 5, 1399
What are the prime factors of 23/((-2)/(-72)*18)?
2, 23
Let w = 679 + -672. Suppose 604 = w*k - 4541. List the prime factors of k.
3, 5, 7
What are the prime factors of 69891/6 + 2*(203/(-28) - -7)?
2, 7, 13
Suppose -696*u = -699*u + 12. Suppose -3*m + 0*m + 1106 = -4*y, -u*y + 1090 = 3*m. List the prime factors of m.
2, 3, 61
Suppose f + 4*f - 2*u - 148306 = 0, -2*u - 118648 = -4*f. List the prime factors of f.
2, 3, 4943
List the prime factors of (-516)/87 + 6 - 1372798/(-58).
23669
Let h(u) = -20414*u - 9044. What are the prime factors of h(-4)?
2, 3, 2017
What are the prime factors of ((-31336)/(-16))/(8/68) - 1/4?
3, 31, 179
Let w be -1 + ((-1)/(-3))/((-34)/366690). What are the prime factors of (w/(-20))/((-5)/(-25))?
29, 31
Suppose -3*l - 1 = -13. Suppose 0 = 2*c - 4*c - 3*j - 148, 4*j - 256 = 3*c. List the prime factors of l + -4 - c - 2.
2, 3, 13
Let k(l) = 2*l. Let m(i) = -14*i + 197. Let y(j) = -2*k(j) + m(j). List the prime factors of y(0).
197
Let b = 39859 - 13232. List the prime factors of b.
26627
Suppose 4*i = -m + 106, 50*i + 3*m = 52*i - 46. Suppose 0 = -i*u + 4182 + 12536. What are the prime factors of u?
643
Suppose -4*v - 13524 = 80*q - 83*q, -3*v = -5*q + 22540. What are the prime factors of q?
2, 7, 23
Suppose -7*o = -8*o - 1. Let t be o*(2 - 0)*8/(-1). What are the prime factors of 1092/t - 3/12?
2, 17
Let r be 2/(-7) + -2*(-939)/(-42). List the prime factors of 30/r + 2030/3.
2, 13
Let f(d) = d**3 + 41*d**2 - 86*d + 23. Let w be f(-43). Suppose w*s - 25*s = 5*m - 4891, 0 = -5*s - 10. What are the prime factors of m?
11, 89
Let w be -2 - (8/6)/(36/(-54)). What are the prime factors of (321 - -2) + (w - -5)?
2, 41
Let x be 3*4/24*(-2 + 2). Suppose 4*u + 6 + 14 = x, -4*u = -3*o + 26. What are the prime factors of ((-111)/(-2) - 2)*o?
107
Let a(h) = 2*h**3 - 2*h**2 - 5*h + 6211. List the prime factors of a(0).
6211
Let o = 89 - 85. Suppose -3327 + 703 = -o*v. What are the prime factors of v?
2, 41
Let c be (-96)/112 - 54/(-14). Suppose -c*g + 1497 = 2*b, 3*b = 4*g + 2*b - 1996. What are the prime factors of g?
499
Let l(i) = 2*i**3 - 9*i**2 - i + 7. Suppose -4 = 4*v - 4*j, -2*j - 2 + 8 = 0. Suppose 3*z - 4*d - 14 = 0, d = -v*z - 3*d + 16. List the prime factors of l(z).
109
Let r(t) be the second derivative of 5*t**4/4 + 5*t**3/3 - t**2 - 2*t. Let s = 40 + -43. What are the prime factors of r(s)?
103
Let h = 107 + -161. Let q = h + 273. What are the prime factors of q?
3, 73
Suppose 4 = 4*r + 4*y, r - 23 = -4*r + 4*y. Suppose 4*g - r*f + 13 = -6, -2*f + 2 = 0. List the prime factors of (0 - 61)/((0 + g)/4).
61
Suppose h - v - 10 = -2*h, 12 = 4*h - v. Let q be 337/5 - 6/(-10). Suppose -2*x - q = -h*n, -5*n + 191 = 4*x + 21. List the prime factors of n.
2, 17
Suppose 99 = -7*x + 12*x + 4*k, -2*x + 5*k = -66. What are the prime factors of x*-2*88/(-16)?
11, 23
Suppose -4*n + 12 = -3*d + d, -2*d - 4*n + 12 = 0. Suppose -10 = -2*x, d*p - 505 = -2*p + 5*x. List the prime factors of p.
5, 53
Suppose 4*m = -m - 3*q + 26, -m + 4*q + 19 = 0. Suppose 2*r - 5 - m = 0. List the prime factors of ((-146)/(-6))/(1/r).
2, 73
Suppose 19*n - 20*n + 176 = 5*u, -n + 2*u = -162. Let l be 1/(-3) - (-4917)/9. Suppose 4*r + n - l = 0. What are the prime factors of r?
5, 19
Suppose 5*r - 85920 = -5*c, 3*c + 40439 = 3*r - 11119. List the prime factors of r.
5, 7, 491
Suppose 0 = -10*f - 4435 + 38305. What are the prime factors of f?
3, 1129
Let n = 32 - 23. Suppose 3*d - 4*u = -12, 0 = d + 2*d + 3*u - n. Let o(v) = -v**2 - v + 12. List the prime factors of o(d).
2, 3
Let d = -3016 - -6974. Suppose 0 = 4*r - 9*r - 3*b + d, -793 = -r - 2*b. What are the prime factors of r?
7, 113
Let s be 6/2*(1 - -22). Let g(c) = -c**3 + 6*c**2 - c + 19. Let n be g(6). Suppose a - 5*d - s = 0, -5*d - 240 = -3*a - n. List the prime factors of a.
79
Let z(k) = -7*k**2 + 10*k + 6. Let s be z(4). Let d = 150 + s. List the prime factors of d.
2, 3, 7
Suppose 4*a = -3*z - 20, 18 = 4*z - 4*a - 2. Suppose q - 17 = 5*q + 7. What are the prime factors of (z - (-92)/q)*(1 + -4)?
2, 23
Let a = -433 + 437. Suppose 3*m - 2*m = 2*q + 12, 0 = -3*q - 9. What are the prime factors of 38 - (20/a - m)?
3, 13
Suppose 0 = -103*c + 12198 - 4473. List the prime factors of c.
3, 5
List the prime factors of 9*(-1113799)/(-744) + (-3)/8.
3, 499
Let z be 1/(26/8 - 3). Let o(n) = -n**2 + 4*n + 3. Let h be o(z). Suppose -h*j + 320 = 2*j. What are the prime factors of j?
2
Suppose -14*v + 0*v + 16716 = 0. Let w = 1782 - v. Suppose 3*o - 603 = 3*j, 0 = 2*o + o + 2*j - w. List the prime factors of o.
2, 3, 11
Let d = 4101 - 2064. Suppose 19*y - 26*y = -d. What are the prime factors of y?
3, 97
Suppose 5*w + 4*o - 41744 = 0, 5*o - 25 = 5. List the prime factors of w.
2, 7, 149
Let r(s) = s**3 - s**2 - 4*s + 6. Let n(m) = 10*m - 28*m + 14*m - 6 + m**2. Let a be n(-2). List the prime factors of r(a).
2, 3
Let g(n) be the second derivative of 43/6*n**3 + 3*n + 0 + 2*n**2. List the prime factors of g(1).
47
Suppose 2*v - 6*v + 2*h + 24 = 0, 3*h = -3*v + 27. Let w(t) = t**2 - v*t - 13*t - t**2 + 14 - t**2. What are the prime factors of w(-10)?
2, 3, 19
Suppose 8*b = -b + 5121. Suppose -5*v - y - y = -b, v + 4*y - 121 = 0. Suppose -4*g - v = -297. What are the prime factors of g?
2, 23
Let s be 8/20 - (-826)/35. Suppose 19*r - s*r - 2075 = 0. Let i = 639 + r. List the prime factors of i.
2, 7
Let q = 62 - 57. Suppose -9 - 1 = -q*t. What are the prime factors of -26*(-1)/(t/4)?
2, 13
Let x(b) = b**2 - 4*b + 4. Let c be x(5). Let w(n) = c + n - 10*n + n + 8 + n**2. List the prime factors of w(14).
101
Let v(m) = 4163*m - 3226. List the prime factors of v(6).
2, 2719
Let q = -251 + 297. Suppose 49*u = q*u + 441. List the prime factors of u.
3, 7
Suppose 10*q = 9*q - 4, -4*w + 78868 = -4*q. What are the prime factors of w?
3, 6571
Let z = -23799 - -40396. List the prime factors of z.
7, 2371
Let s = -30 - -33. Let i = 22 + -15. Suppose b = i + s. What are the prime factors of b?
2, 5
Suppose 12*q + 440379 = -34*q + 2